ine y(u).
-9
Let k(j) = -389*j**2 + 5 - 1 - 3 + 0 + 392*j**2. Let w be 4*(2/4)/(-1). Let a be 0 + -1 - (2 + w). Calculate k(a).
4
Let a(l) = -l**3 + 10*l**2 + 7*l + 9. Let u = 4861 - 4850. Give a(u).
-35
Let t(m) be the second derivative of m**3 - m**2/2 + m - 420. Let h = 16 + -12. Let z = 3 - h. Give t(z).
-7
Let m be 7/(-3)*(2 + 1). Let l be (2 + -9)*1 - (-24 - -29). Let p be l/(-42) - 33/m. Let i(f) = -f + 5. Calculate i(p).
0
Let y(g) = g**2 + 14*g + 8. Let m be y(-6). Let w be (-6)/(-5)*m/(-16). Let p(a) = w*a + 2 + 6 - 2 - 4*a. Give p(-5).
11
Let v(t) be the third derivative of t**5/60 - 2*t**3/3 - 3*t**2. Suppose 297 = -2*l + 45. Let d be (-12)/l - (-6)/(-63). Calculate v(d).
-4
Suppose -3*u = -2*d + 9, 5*d - 2*u + 0 = 6. Let h(p) = p**3 - p + 28. Determine h(d).
28
Let a = -15 + 17. Let w(o) = 13*o - a - 5*o + 1 - 7*o. Suppose -2*f + 27 = -3*k, 14 = 4*f - 5*k + 7*k. What is w(f)?
5
Let v(z) be the second derivative of z**4/12 + z**3/6 + 3*z**2 - 114*z. What is v(0)?
6
Let u(p) = -6*p**3 - 143*p**2 + 6*p. Let a(j) = -j**3 - 27*j**2 - j + 1. Let i(k) = -5*a(k) + u(k). Determine i(-9).
-23
Let m(g) = -g**3 + 9*g**2 + 3*g - 9. Let b be (9 - (13 - 11))*(-5 - -6). Determine m(b).
110
Suppose 26*c - 3*c - 138 = 0. Let f(q) be the second derivative of q**5/20 - 5*q**4/12 - 3*q**3/2 + 9*q**2/2 - 12*q - 1. Determine f(c).
-9
Let b be 2 + 2*2/(-12)*3. Let y(z) = z**3 + 6*z**2 + 6*z - 5. Suppose -10*u + 15*u + 5 = 0. Let f(k) = k - 1. Let q(r) = b*y(r) + u*f(r). Determine q(-5).
-4
Suppose -2 = 4*k - 2*k - 2*m, -9 = -3*k - m. Let w(f) = 0 + 2 + 0*f**2 + 0 - 5*f - f**k. Determine w(-3).
8
Let o(w) = -w**3 + w**2 + 5. Let j(u) be the second derivative of u**5/20 - u**2/2 + 5*u. Let y be j(1). Let f be o(y). Let q(b) = -b**2 + 2*b + 4. Give q(f).
-11
Suppose 0 = -5*a + 20, 16 = q + 4*a - 2. Let g(c) = c**2 - 3*c**q - 3*c**3 + c**2. Suppose 0 = -450*y + 448*y + 2. Calculate g(y).
-4
Let f(g) = -g**3 + 17*g**2 + 21*g - 51. Let r be f(18). Let w(c) = -9*c**3 - 4*c**r - 10*c + 10 - 7*c**2 + 14*c**3. Calculate w(8).
-6
Let l(g) = -9*g + 56. Suppose -3*v + 75 = 7*z + 81, -29 = -4*v + 3*z. Calculate l(v).
11
Let z = -334 - -335. Let r(d) = -d + 1. Let p(f) = 2*f**2 - 4*f + 2. Let g(y) = z*p(y) - 3*r(y). Give g(4).
27
Let p(k) = k**3 - 8*k**2 + 5*k - 11. Let g = 730 + -725. Suppose g*u - 3*c = 40, c = -5*u - 0*u + 40. What is p(u)?
29
Let x(g) be the second derivative of -g**3 - 9*g**2/2 + 17*g. Let z = -171 - -164. What is x(z)?
33
Let y(o) = -23*o + 1. Suppose 30 = 5*r - 5*v, -3*r = -4*r + 5*v + 26. Calculate y(r).
-22
Let j(r) be the second derivative of -3*r**3/2 - 9*r**2 + 877*r. Determine j(-3).
9
Let i(l) = -14*l + 13. Let m(v) be the first derivative of 3*v**2 - 6*v - 135. Let t(q) = 2*i(q) + 5*m(q). Let k = -1 + 5. Give t(k).
4
Let v(u) = 4*u - 1. Suppose -9*o + 29 + 115 = 0. Suppose -10*q + 5*q = -2*t - o, 5*q - 22 = 4*t. Determine v(q).
7
Let z = -563 - -348. Let l be z/15 - (-1)/3 - -2. Let a(u) = -u**2 - 12*u - 2. What is a(l)?
-2
Let m be 8 + 1 + (-7 - (-7 + 5)). Let a(c) = -c + 3*c**3 + m*c**3 + 0*c**3 + 3*c**3. What is a(-1)?
-9
Let w(u) be the second derivative of 19*u**4/4 - u**3/3 - u**2/2 + 2*u - 529. What is w(-1)?
58
Let y = -40 + 50. Suppose -19 - 31 = -y*h. Let r(m) be the first derivative of 2*m**3/3 - 4*m**2 + 3*m - 7. Determine r(h).
13
Let r(f) be the second derivative of -f**5/20 + f**4/4 + 4*f**3/3 - 9*f**2 - 2*f + 666. Give r(3).
6
Let x be (6/10*21/(-7))/((-9)/45). Let l(k) = 3*k**2 - 26*k + 11. What is l(x)?
20
Let r(w) be the second derivative of -w**3/6 + 9*w**2/2 - 1163*w. What is r(-4)?
13
Let p(k) = -k**3 + 7*k**2 - 6*k + 2. Let v(x) = x**2 + 3*x - 15. Let t be v(-6). Suppose t*g - 115 = -20*g. What is p(g)?
22
Let u(l) = 3*l + 2. Let g be 60/(-80) + 26/(-8). Let a be (416/78)/(g/(-6)). Give u(a).
26
Let n(b) be the third derivative of 1/120*b**6 - 1/20*b**5 - 13 + 4*b**2 - 5/6*b**3 + 0*b + 1/24*b**4. Give n(5).
50
Suppose 12 + 78 = 9*g. Suppose 59*s - g = 57*s. Let j(l) = -l**3 + 4*l**2 + 2*l + 3. Give j(s).
-12
Let s(y) = -7*y + 36. Suppose 72 + 0 = 731*x - 719*x. Give s(x).
-6
Let h(y) = 2*y**3 - y**2 + y - 1. Let b = 3696 - 3693. Give h(b).
47
Let u(x) = x**3 - 13*x**2 - 4*x + 57. Let t(s) = -s**2 - 71*s - 647. Let w be t(-60). Determine u(w).
5
Suppose -9*m = -53*m - 80*m + 744. Let w(i) = -i**3 + 8*i**2 - 7*i - 32. Give w(m).
-2
Let o(f) = -82*f + 1154. Let s be o(14). Let x(c) = -c**2 + c + 2. Determine x(s).
-28
Let g(q) be the second derivative of -q**5/30 + q**4/8 - q**3/3 - 141*q**2/2 - q + 15. Let h(j) be the first derivative of g(j). Calculate h(1).
-1
Let j(w) = -w + 1. Let x(p) = -p - 8. Let u(m) = m + 4. Let h be u(3). Let r(b) = -3*b - 15. Let f(l) = h*x(l) - 4*r(l). Let g(d) = f(d) + 3*j(d). What is g(5)?
17
Suppose 0 = -4*g - 2*p + 34, 4*g + 5*p - 30 = 13. Let j(m) = -m**3 + 5*m**2 + 8*m + 7. What is j(g)?
-35
Let q(z) = -2*z + 13. Let o be 93/(-155) + 6556/10. Let y = o + -647. Give q(y).
-3
Let d(f) = f**2 + 8*f - 13. Suppose 10*x - 139 = -399. Let m(z) = -z**3 - 28*z**2 - 52*z - 9. Let g be m(x). Calculate d(g).
-4
Let k = 363 - 366. Let o be (-140)/56*(54/15)/k. Let d(a) be the second derivative of 2*a**3/3 - 2*a**2 + 2*a. What is d(o)?
8
Let z(j) be the second derivative of j**4/12 - 3*j**3/2 + 3*j**2 - 9229*j. Give z(10).
16
Suppose 5*w - 33 = -4*z, 4*z = 5*z - 3*w - 4. Let x(j) = -102 + 9*j**2 + 106 + z*j - 8*j**2. What is x(-7)?
4
Let h(u) = -5*u**3 - 7*u**2 - 15*u - 13. Let a(p) = -p**3 + p**2 - 4*p - 1. Let i(q) = -6*a(q) + h(q). What is i(12)?
-43
Let g(t) be the first derivative of 1/4*t**4 + 1/3*t**3 - 1/2*t**2 - 5*t - 17. Suppose -20 = -s - 5*m, 5*s = -m + 1 + 3. Give g(s).
-5
Let m(t) = -t**3 + 5*t**2 - 2*t + 2. Let u(z) = z**2 - 2*z - 1. Let p = -165 - -164. Let q(n) = p*u(n) + m(n). Calculate q(5).
-22
Let b(h) be the second derivative of 11/2*h**2 + 1/60*h**5 + 1/8*h**4 + 1/2*h**3 - 5*h + 0. Let v(j) be the first derivative of b(j). What is v(-2)?
1
Let z be (16 + 208/(-13))*(0 - -1). Let f be 1/2 + (-3)/(-2). Suppose z = 8*w - 6*w + f. Let g(m) = -4*m - 1. Determine g(w).
3
Let c(a) = -a**2 + a**2 + a**2 + 0*a**2 - 5*a. Let w(n) = -5*n + 21. Let k be w(3). Let i(j) = -15*j + 95. Let x be i(k). What is c(x)?
0
Let q(j) be the first derivative of 53*j + 17 - 7/2*j**2. Let u be q(8). Let t(b) = -b + 4. What is t(u)?
7
Let p(t) be the second derivative of 0 + 1/12*t**4 + 23*t - 1/2*t**3 + t**2. Give p(2).
0
Let c(t) = t + 5*t**2 - 4*t + 6 + 4*t + t**3. Suppose 10*u + 32 = -8. Let v = -1 + u. Give c(v).
1
Let g(w) = 43*w**2 - 3*w - 21*w**2 + 0 - 4 + 3 - 21*w**2. Let b be g(-1). Let u(x) = x**3 - 2*x**2 - x + 2. Determine u(b).
8
Let g(m) be the second derivative of -m**5/20 + m**4/2 + 5*m**3/6 + 25*m**2 + 40*m + 34. Determine g(7).
36
Let l(i) = -246 + 250 + 76*i**3 + i - 77*i**3 - 9*i**2. Let b = -84 + 75. Give l(b).
-5
Let l(b) = b**2 - 9*b + 11. Let y be l(8). Let x be 3*(y - 4 - 40/(-15)). Let j(f) = -1 - 2 + x - 10*f + 11*f. What is j(-6)?
-4
Suppose 18*v + 45 = -9. Let x(a) = -3*a**2 - 6*a - 6. Let h(c) = 4*c**2 + 8*c + 7. Let i(z) = 4*h(z) + 5*x(z). Give i(v).
1
Let o(f) = -220*f + 441*f + 4 - 220*f + 1. Let x(p) = p**3 - 3*p**2 - 2*p - 2. Let w be x(3). Calculate o(w).
-3
Let q = 24 - 19. Let o(z) = 6*z**3 + z**2 + 2*z - 5. Let y(p) = 5*p**3 + p - 5. Let c(h) = q*y(h) - 4*o(h). Determine c(5).
5
Suppose -2*t = -4*w + 14, 5*t + 34 = t + 2*w. Let h = -8 - t. Let k(r) = -8 - 2*r + 4 + h + r**2. Calculate k(-3).
12
Suppose -5*q - 14 = -7*q. Let p(a) be the second derivative of a**4/12 - 5*a**3/6 - 3*a**2 - 257*a. Give p(q).
8
Let i(f) = -f**3 - 5*f**2 - 2*f + 1. Let c(q) = -5*q + 10. Let z be c(-9). Let k = z + -50. Suppose -l = -h + 4*h + 13, 5*l = -3*h - k. Calculate i(h).
11
Let n(l) = -2*l**2 + l - 2. Let c(q) = 83*q - 2071. Let z be c(25). Calculate n(z).
-30
Let d(m) = m + 0*m + 3*m - 5*m - 9. Suppose 2*v = j - 1, -5*j = -3*v - 5 - 0. Let c be v/(((-10)/(-5))/(-2)). What is d(c)?
-9
Suppose -5*v + 5 = -25. Let n(g) = -7 - g**3 - 10*g**2 + 17*g - 18*g + v*g**2. What is n(-3)?
-13
Let l = -119 - -121. Let z = 5 - 3. Suppose z*i - l*f = 4*i, 2*f = i - 6. Let m(w) = -9*w - 2. Give m(i).
-20
Let y = 20 + -32. Let x be ((-104)/y)/(18/(-27)). Let s(m) = -m - 12. What is s(x)?
1
S